mmon divisor of g and 198.
22
Suppose 4*w = -4*f - 80, -f + 55 = -4*w - 15. Let z = 39 + w. Calculate the highest common divisor of 14 and z.
7
Let k(v) = -v**2 - 8*v. Let m be k(-8). Let x = m + 4. Calculate the greatest common divisor of x and 8.
4
Suppose 31 = 5*h + 2*k - 63, 34 = 2*h - k. Suppose -3*n = -2*u - n + h, u = 2*n + 9. What is the greatest common divisor of u and 36?
9
Let s(j) = -j + 10. Let r be s(0). Let f be 3/(-2 - r/(-8)). Let b(o) = o**2 - 3*o + 2. Let y be b(f). What is the greatest common divisor of y and 20?
10
Let y(w) = w**3 + 4*w**2 + 3*w. Let t be y(-3). Let o be 8 - t - 18/(-6). Calculate the highest common factor of 77 and o.
11
Let s(w) = -4*w + 2. Let a be s(-4). Let y be -2*3/a*-6. Suppose 3 + 3 = 3*f, -y*f + 40 = 3*m. What is the highest common factor of 36 and m?
12
Let b = 55 + -1. Let d(k) = -59*k + 3. Let w be d(-3). Suppose -r = -6*r + w. Calculate the highest common divisor of b and r.
18
Suppose 0 = 3*c + 2*b - 114, 2*b - 128 = -5*c + 58. Let o(d) = 4*d. Let q be o(1). Suppose 0 = -4*i + 92 + q. Calculate the highest common factor of i and c.
12
Let p be (-2)/4 - (-54)/12. Calculate the greatest common factor of p and 12.
4
Suppose 2*b - 7*b - w = 102, -3*w + 14 = -b. Let f = b + 40. Calculate the highest common divisor of 160 and f.
20
Suppose j = 6*j - 60. Calculate the greatest common factor of 12 and j.
12
Let b(i) = i + 5. Let l be b(-3). Let g = 14 - -33. Suppose 0 = -5*y + 33 + g. Calculate the highest common factor of y and l.
2
Suppose 0 = 2*h + 2*h - 8. Suppose 0 = 5*o + 8 - 18. Suppose o*q + h - 4 = 0. What is the greatest common divisor of 3 and q?
1
Let m be (-23 - -18)/((-10)/4). Let o = 15 - 9. Calculate the greatest common divisor of o and m.
2
Let z be (0 - -3)*3 + 1. Let l(h) be the second derivative of h**3 - 2*h**2 - 6*h. Let q be l(9). Calculate the highest common divisor of q and z.
10
Let q(v) = -2*v**2 - 18*v + 23. Let m be q(-10). What is the highest common factor of m and 1?
1
Suppose -4*v + 957 = -v. What is the highest common factor of v and 29?
29
Let q be (-130 - 8)/(2/(-1)). What is the greatest common divisor of 23 and q?
23
Let f(z) = -z**3 + 4*z**2 + 2*z + 5. Let x be f(4). Suppose 0 + 5 = r - 3*g, -x = -r + g. Calculate the highest common divisor of 136 and r.
17
Let m = 7 - -5. Let t(g) = 7*g**2 + g + 1. Let k be t(-1). Let q(o) = -o**3 + 6*o**2 + 9*o - 2. Let h be q(k). Calculate the highest common divisor of h and m.
12
Suppose -q = -0*q + 2. Let v be (q - -2)/(-2) + 112. Let j be 22 + 3/(-1) - 3. Calculate the greatest common factor of v and j.
16
Let o = -119 - -219. Calculate the highest common divisor of 40 and o.
20
Let v = 13 + -9. Suppose -d + 2*s - 2 = 0, -2*d + v*s - 10 = -d. Let c be (-2)/d - (-795)/9. What is the greatest common factor of c and 11?
11
Let c be (-1 + (-2)/(-6))/(2/(-6)). Calculate the greatest common divisor of 17 and c.
1
Let g(y) = -y**3 - 12*y**2 + y + 11. Let l be g(-12). Let s be 2 - (-1 - -5)*l. What is the greatest common factor of s and 3?
3
Suppose 0 = z - 5*z - 4. Let b be 2*z*(-2 - 7). Calculate the greatest common divisor of 126 and b.
18
Suppose -24 = -4*c + u + 9, c - 3*u = 0. Let h(a) = -a**3 + 7*a**2 + 11*a - 3. Let y be h(c). Let n = y + 115. What is the greatest common factor of 7 and n?
7
Let r = 5 - 3. What is the greatest common factor of 6 and r?
2
Let n be -6*(73/(-2) + 2). Suppose 285 = 4*g + m, -4*m + n = 3*g - m. Let s = 10 + 2. Calculate the highest common divisor of s and g.
12
Let m be (2 + -1)/((-1)/(-11)). What is the greatest common factor of 121 and m?
11
Let v(n) be the second derivative of n**3/6 + 6*n**2 + n. Let i = -26 - -16. Let z be v(i). What is the greatest common factor of 4 and z?
2
Let y be 1/2*236/2. Suppose -f - 14 = -y. Suppose 5*a - 20 = 5. What is the greatest common divisor of f and a?
5
Let p be -1 + 3/(6/46). Let q be (-2)/(-13) + (-2 - (-200)/52). Calculate the greatest common divisor of q and p.
2
Let x(q) = -q**3 - 5*q**2 - 2*q - 9. Let g be x(-6). Suppose 5*h - g = 2*h. Suppose 2*o - o = 91. What is the greatest common divisor of h and o?
13
Let f(i) = -i**3 + 5*i**2 - 4*i + 2. Let g be f(4). Suppose -3 = 2*t - 4*o - 23, -14 = -g*t + 2*o. What is the greatest common divisor of t and 1?
1
Suppose 2*u + 112 = 4*u. Let p be 2/(-8) + (-34)/(-8). Let r = 12 - p. Calculate the highest common divisor of u and r.
8
Let v(k) = -13*k - 76. Let c be v(-8). Calculate the highest common factor of c and 21.
7
Let m(t) = 79*t - 1. Let i(u) = 158*u - 2. Let h(z) = -6*i(z) + 13*m(z). Let d be h(1). What is the greatest common factor of 13 and d?
13
Let v = 24 - 12. Calculate the highest common factor of 8 and v.
4
Suppose -1 - 49 = -5*r. Suppose 97 = 4*k + 3*x, 2*x - 3*x - 76 = -3*k. What is the greatest common factor of k and r?
5
Let g be (-24)/(-10) + 54/(-135). What is the highest common factor of g and 38?
2
Let o(k) = 3*k. Let w be o(3). Suppose 5*x + t = 2*x + w, -2*x - t = -6. Suppose y - 11 = -x. Calculate the greatest common divisor of 2 and y.
2
Let k(y) = y**2 + 2*y - 1. Let j be k(-3). Let x = 24 + -14. Let r = -8 + x. What is the greatest common factor of j and r?
2
Let y = 2 - 2. Let z(n) = -n**3 + 40. Let u be z(y). Calculate the highest common factor of u and 20.
20
Suppose -5*k = a - 16, 3*k - 2*a = -0*a + 7. Let m = -42 - -123. Suppose z = -2*z + m. Calculate the greatest common divisor of z and k.
3
Let z be 27 + (-4)/((-16)/(-12)). Calculate the highest common divisor of z and 12.
12
Let v = -6 + 16. Let g be ((-45)/(-3))/(2/v). Calculate the highest common factor of 30 and g.
15
Suppose 21 = -5*k - 49. Let j = -5 - k. What is the highest common factor of 27 and j?
9
Suppose -5*s - 56 = -4*b + 2*b, 2*b - 20 = 2*s. Let p be (-2)/(-3) + (-4216)/s. Suppose c = -c + p. Calculate the highest common factor of c and 16.
16
Let s = 51 - 36. Suppose w - 10 = -5*r + 10, 4*w = 2*r + 124. Calculate the greatest common factor of w and s.
15
Let y = -90 - -214. Suppose 3*c - y - 11 = 0. What is the highest common factor of 18 and c?
9
Suppose -8*z - 73 = -4*l - 9*z, 5*l - 3*z = 70. Let w be (-2)/(-5) - 2289/(-15). What is the highest common divisor of w and l?
17
Suppose -14*z + 2*z + 540 = 0. What is the highest common factor of 18 and z?
9
Let p be 4*3/(-18)*-9. Suppose -3*k = -0*k - 159. Let w = -38 + k. Calculate the greatest common divisor of w and p.
3
Let w(x) = -x**2 + 8*x - 1. Let j(a) = 5*a**2 - 33*a + 3. Let d(p) = 2*j(p) + 9*w(p). Let i be d(-8). What is the highest common divisor of 65 and i?
13
Suppose 4*x + 214 = 2*b, -3*x - 408 = -b - 3*b. Calculate the greatest common factor of b and 66.
33
Let y = -10 + 74. Suppose 3*d - 37 + 13 = 0. What is the highest common factor of d and y?
8
Let j be (-3)/(9/(-6)*-1). Let s be 2/4 + (-3)/j. Suppose s*l + 23 = i, 2*i = 4*i + 5*l - 28. What is the highest common divisor of 57 and i?
19
Suppose 0 = 3*r + 19 - 487. Calculate the highest common divisor of r and 12.
12
Let v(i) be the second derivative of i**5/20 + 11*i**4/12 + 5*i**3/3 + i**2/2 - 5*i. Let u be v(-10). Calculate the highest common divisor of 11 and u.
1
Let z = 3 + -3. Suppose 5*a - 5*u - 40 = 0, 2*a - u + z - 12 = 0. What is the greatest common divisor of a and 4?
4
Suppose 90 = 5*b - 4*j + 7, 3*j + 36 = 2*b. Suppose n - b = -4*n. Calculate the greatest common factor of n and 6.
3
Let y(z) = z**2 + 8*z + 2. Let d be y(-8). Let a be d/(-2)*2 - -28. Suppose -g - g = -a. What is the highest common factor of g and 65?
13
Let b be (-3)/7 - (-396)/42. What is the highest common divisor of b and 99?
9
Suppose -6*k + 200 = 2*k. What is the greatest common divisor of k and 25?
25
Let v be (224 - -2)*2/4. Suppose 17 = -3*d + v. Let j = -12 + 20. What is the greatest common factor of j and d?
8
Let u = 91 + -89. What is the highest common factor of u and 6?
2
Let y be (4/(-6))/(2/(-15)). Let z(x) = -4*x + 83. Let a be z(12). Calculate the highest common divisor of a and y.
5
Suppose -3*d = -2*o - 16, 0*o = 5*d - 2*o - 24. Let i = 59 - d. What is the greatest common divisor of i and 11?
11
Let v = -169 - -173. What is the greatest common divisor of v and 148?
4
Suppose 2*o + 33 = 3*o. Calculate the highest common divisor of o and 3.
3
Suppose 3*i = -x + 208, 0 = 2*i - 3*x + 15 - 1